h(a) = a**2 + 3*a + 4. Let w be h(-8). Suppose -w = -3*i - i. Calculate the remainder when i is divided by z.
2
Let y be (-10)/15*(-174)/4. Suppose -5*f + y = -81. Calculate the remainder when f is divided by 12.
10
Let z(q) = -q**2 - q + 2. Let i be z(2). Let x = i + 8. Calculate the remainder when (-3 - -2)/(4/(-28)) is divided by x.
3
Suppose 4*s = 3*s - 200. Let i = 295 + s. Suppose -2*q - 2*d + 24 = 0, -4*q - d = -i + 35. Calculate the remainder when q is divided by 6.
4
Let m(k) = k**2 - 2*k + 1. Let n be m(3). Suppose 0*x - 56 = -n*x. What is the remainder when 54 is divided by x?
12
Suppose -3*n - 3*q = 4 + 5, n = -3*q - 13. What is the remainder when 3 is divided by n?
1
Let w = -10 - -21. Suppose b - 21 = -w. What is the remainder when b is divided by 6?
4
Let q(a) = a**3 + 7*a**2 - 10*a - 6. Let n be q(-8). What is the remainder when n - 7 - (-8)/2 is divided by -5*(0 + (0 - 1))?
2
Let k be -1 + 3 + -2 + 1. Let b be -4*k/4*-2. Suppose -i + 7 = -b. Calculate the remainder when 26 is divided by i.
8
Suppose 0 = -21*d + 23*d - 132. What is the remainder when d is divided by 35?
31
Suppose -2*s + 12 = 2*h, 3*s + h + 2 = 14. Suppose 79 - 10 = s*t. Calculate the remainder when t is divided by 8.
7
Let g(k) = -7*k - 4. Let z be g(-7). Suppose 2*h + h - z = 0. Let n = -9 + h. What is the remainder when 22 is divided by n?
4
Let o(a) = -a**2 - 6*a - 5. Let y be o(-5). Suppose y*d = d - 65. Calculate the remainder when d is divided by 17.
14
Suppose -6*t = -2*t - 16. What is the remainder when 60/45*(-66)/(-8) is divided by t?
3
Let c = -38 - -45. Calculate the remainder when c is divided by 5.
2
Let n(r) = 29*r + 26. Calculate the remainder when n(4) is divided by 11.
10
Let o(x) = -2*x - 4. Let v be o(12). Let p = 18 - v. What is the remainder when p is divided by 16?
14
Suppose 10 = -3*j + 2*j. Let k be (-3)/(-9) - j/6. Suppose -c = k*c - 12. Calculate the remainder when 10 is divided by c.
2
Let g(m) = -38*m**2 - m + 1. Let y = -2 + 3. Let u be g(y). What is the remainder when 20 is divided by u/(-6) - 6/(-9)?
6
Let z(i) = i**3 - 27*i**2 + 6*i - 57. Calculate the remainder when z(27) is divided by 18.
15
Let q(x) = -3*x**2 - 3*x + 3. Let b be q(4). What is the remainder when 1/(b/29 + 2) is divided by 15?
14
Let a(m) = m**3 + 4*m**2 - 5*m + 3. Let l be a(-5). Suppose 0 = -2*o + l*o - 1. Suppose -4*p + o = -3. Calculate the remainder when p is divided by 1.
0
Let w = -7 + 14. Calculate the remainder when 63/6 + 1/2 is divided by w.
4
Suppose 25*i = 26*i - 37. Calculate the remainder when 109 is divided by i.
35
Let i = -25 - -49. Suppose -4*h + 0*q - 3*q - 4 = 0, 3*h - 3*q + i = 0. What is the remainder when 43 is divided by (5 - -5)/(h/(-6))?
13
Let g = 22 + 1. Suppose -5*j + 9 = -16. Let u(s) = -s**3 + 6*s**2 - 3*s - 2. What is the remainder when g is divided by u(j)?
7
Let o = 6 + 25. Calculate the remainder when 123 is divided by o.
30
Let j(i) = -i - 12. Calculate the remainder when 1 is divided by j(-13).
0
Let y(f) = 3*f - 13. Calculate the remainder when y(15) is divided by 18.
14
Suppose -3*t - 3*t + 36 = 0. Calculate the remainder when 34 is divided by t.
4
Suppose -h - 2*h = -6. Suppose -h*j = 2*q + 3 - 1, -3*j - 9 = 0. What is the remainder when 8 is divided by (-2)/(-3 - -1) + q?
2
Let q = 4 + -4. Suppose 3*a - 48 + 3 = q. Calculate the remainder when 28 is divided by a.
13
Suppose -t + 7 = x, -x + 0*t + 2*t + 22 = 0. Let c = 4 + 0. Calculate the remainder when x is divided by c.
0
Suppose 0 = 5*h + 3*w - 86 + 13, -3*w - 25 = -2*h. Calculate the remainder when h is divided by 11.
3
Let k = -22 - -61. Calculate the remainder when 152 is divided by k.
35
Suppose 5 - 21 = -4*f. Suppose -f*s = -4*r - 72, s - 13 = -3*r - r. What is the remainder when 49 is divided by s?
15
Suppose 4*w = -16, 2*p - w + 31 = 3*p. Calculate the remainder when p is divided by 2*5/((-10)/(-18)).
17
Suppose -10 = -0*t - t. Let x(n) = 2*n**2 + 8*n + 3. What is the remainder when x(-6) is divided by t?
7
Let b = -100 + 166. Calculate the remainder when b is divided by 34.
32
Let z(f) = f**2 - 3*f - 3. Calculate the remainder when z(7) is divided by 7.
4
Let j be ((-6)/3)/(-2) - 0. Suppose -13 = -3*r + 2*r. Suppose -j = 3*q - r. What is the remainder when q is divided by 3?
1
Suppose 3*v = -4*k - 24, -2*k - 4*v + 7 = -k. Let m = 10 - k. What is the remainder when m is divided by 10?
9
What is the remainder when 61 is divided by -1 + 7/((-14)/(-44))?
19
Let h = 11 + 24. What is the remainder when h is divided by 10?
5
Let m = -3 - 0. Let f = 2 - m. Suppose 58 + 22 = f*z. What is the remainder when z is divided by 9?
7
Let d(n) = -2*n - 6. Let g be d(-6). Suppose 4*a = -o - 15, -4*o + 2*a = -6 - g. What is the remainder when 2 is divided by o?
0
Let t be (-162)/(-15) - 1/(-5). Let s = t - -13. Calculate the remainder when s is divided by 13.
11
Let o(k) = -k**3 - k**2 - k + 1. Let s(b) = -b + 4. Calculate the remainder when o(-2) is divided by s(2).
1
Suppose -22*h + 27*h - 165 = 0. What is the remainder when h is divided by 17?
16
Let b(m) = -4*m - 6. Let z be b(-2). Suppose -12 - 82 = -z*u. What is the remainder when u is divided by 7?
5
Let r(l) = 4*l**2 + 16*l - 6. Calculate the remainder when 26 is divided by r(-5).
12
Let n(m) = -m - 6. Suppose -3*z - 4 = -2*z, 4*g = z - 28. Let v be n(g). Calculate the remainder when 150/8 + v/8 is divided by 7.
5
Let d(f) = f**2 + 13*f - 6. Let w be d(-13). What is the remainder when 19 is divided by (-45)/w*8/6?
9
Let j(n) = -n**2 + 9*n + 6. Let h be j(7). Let u be (-1595)/h - (-2)/(-8). Calculate the remainder when u/(-6) - (-2)/3 is divided by 8.
6
Let g = -26 - -51. What is the remainder when 97 is divided by g?
22
Suppose -2 = 4*g - 6*g, 4*g + 1 = -5*v. Let a = 4 - v. Calculate the remainder when 8 is divided by a.
3
Suppose 0 = 2*r + 1 - 81. Calculate the remainder when 79 is divided by r.
39
Suppose 0 = 5*l + 5*y - 25, -y - 15 = -4*l - 0*y. What is the remainder when 11 is divided by l?
3
Let d be 1/(-1) - (-35 + 1). Let i(l) = 3*l**2 + 2. Let s be i(4). Let m = s - d. Calculate the remainder when 32 is divided by m.
15
Suppose -4*s - s = 4*v - 4271, 5*s - 2*v = 4247. Let f = 449 - s. Calculate the remainder when (f/3)/((-8)/4) is divided by 23.
21
Suppose -6 = -3*z + 6. Calculate the remainder when 64/z*(-6)/(-4) is divided by 3/((-9)/(-39)) - 0.
11
Suppose -4*l - 1250 = -5*g + l, 4*g + 3*l - 993 = 0. What is the remainder when g is divided by 28?
25
Let a be 39/2*2/3. Suppose 0 = -4*c + 5*c - a. Calculate the remainder when 36 is divided by c.
10
What is the remainder when (1 + (-38)/6)*(-522)/12 is divided by 39?
37
Suppose -4*l - 3*f = -29 - 27, 0 = 2*l + 5*f - 14. What is the remainder when l is divided by 6?
5
Let d(h) = 2*h**2 + 2*h + 3. Let r = 6 + -4. Suppose 1 = r*q + 5. What is the remainder when 20 is divided by d(q)?
6
Suppose 0 = 4*u - 8*u + 16. Suppose n = -4, 3*p + 12 = -5*n + u. What is the remainder when 10 is divided by p?
2
What is the remainder when ((-82)/(-4))/(1/8) is divided by 33?
32
Let o(a) = 7*a - 4. What is the remainder when 28 is divided by o(2)?
8
Let s be (-7)/2*-10*1. Let g = s - 10. What is the remainder when g is divided by 9?
7
Suppose -8 = -3*u + 19. Suppose 2*t - 5*t + u = 0. Calculate the remainder when 5 is divided by t.
2
Let z be ((-6)/(-12))/((-2)/(-20)). Suppose r - 7 = z. Calculate the remainder when 34 is divided by r.
10
Let g(b) = -2*b + 3. Let s be 4*2/(-2 + 0). What is the remainder when 42 is divided by g(s)?
9
Let o = -46 + 79. Let z = o - 16. Let p = -28 + 77. What is the remainder when p is divided by z?
15
Let n = 11 - 8. Suppose -5*m = -v - 4 + 5, 0 = 4*m - n*v + 3. Suppose -2*p + 5*p - 30 = m. What is the remainder when 19 is divided by p?
9
Let n = 2 - 0. Suppose -4*o + 3 = 5*q - 0*q, 4*q - 15 = o. Suppose -t + q = -0. What is the remainder when t is divided by n?
1
Suppose -2*v - 2*u = 3*u - 8, 5*u + 90 = 5*v. Calculate the remainder when v is divided by 4.
2
Calculate the remainder when ((-16)/(-24))/(2/111) is divided by 13.
11
Suppose -5*z = -2*z + 6. Calculate the remainder when 24/14 - (-22)/77 is divided by 1*-1 - (-1 + z).
0
Let o = 136 + -73. Calculate the remainder when o is divided by 34.
29
What is the remainder when 142 is divided by 